 is 36 (base 12) in base 9?
46
Convert 36 (base 12) to base 2.
101010
-13 (base 6) to base 10
-9
-142 (base 12) to base 4
-3002
2200 (base 3) to base 9
80
What is 1 (base 15) in base 6?
1
What is 0 (base 8) in base 3?
0
What is -18 (base 12) in base 2?
-10100
What is -9 (base 16) in base 2?
-1001
What is 10110 (base 3) in base 8?
135
123 (base 5) to base 2
100110
28 (base 12) to base 8
40
Convert -4 (base 11) to base 8.
-4
Convert -5 (base 14) to base 8.
-5
Convert 117 (base 8) to base 10.
79
What is -1 (base 3) in base 8?
-1
What is 3a (base 14) in base 10?
52
Convert 2 (base 4) to base 7.
2
3 (base 14) to base 15
3
What is 48 (base 10) in base 9?
53
What is 2 (base 7) in base 2?
10
What is 101 (base 2) in base 15?
5
Convert 2 (base 15) to base 16.
2
10 (base 4) to base 15
4
Convert 0 (base 12) to base 6.
0
Convert 24 (base 10) to base 5.
44
4 (base 16) to base 15
4
Convert 3 (base 8) to base 5.
3
Convert 51 (base 16) to base 3.
10000
What is -1b (base 16) in base 8?
-33
Convert -1 (base 10) to base 4.
-1
What is -10 (base 16) in base 7?
-22
What is -321 (base 4) in base 7?
-111
Convert 12 (base 4) to base 2.
110
-6 (base 13) to base 15
-6
What is 1 (base 11) in base 7?
1
What is 22 (base 11) in base 15?
19
What is 5c (base 15) in base 13?
69
-5 (base 6) to base 7
-5
Convert 5 (base 13) to base 9.
5
-1 (base 13) to base 3
-1
-5 (base 12) to base 7
-5
10110011 (base 2) to base 6
455
-3 (base 8) to base 14
-3
Convert -15 (base 16) to base 2.
-10101
What is -1 (base 3) in base 7?
-1
Convert 27 (base 10) to base 16.
1b
What is 101 (base 12) in base 4?
2101
Convert -87 (base 9) to base 6.
-211
Convert 42 (base 6) to base 5.
101
What is -1 (base 6) in base 8?
-1
What is 25 (base 15) in base 7?
50
-21201 (base 3) to base 15
-dd
What is -100010010 (base 2) in base 15?
-134
What is -218 (base 10) in base 2?
-11011010
What is -13 (base 10) in base 5?
-23
-123 (base 4) to base 13
-21
Convert -14 (base 5) to base 2.
-1001
-15 (base 6) to base 7
-14
What is -4a (base 12) in base 9?
-64
What is 0 (base 7) in base 10?
0
-150 (base 16) to base 4
-11100
Convert 11 (base 13) to base 2.
1110
-7 (base 12) to base 14
-7
What is 32 (base 4) in base 15?
e
What is 6 (base 15) in base 3?
20
Convert -167 (base 8) to base 11.
-a9
Convert -1112 (base 3) to base 7.
-56
Convert 110 (base 2) to base 5.
11
What is -100100 (base 2) in base 13?
-2a
What is 200 (base 6) in base 12?
60
-21 (base 9) to base 13
-16
1 (base 6) to base 7
1
What is 40 (base 11) in base 13?
35
Convert -123 (base 6) to base 15.
-36
-1000 (base 2) to base 11
-8
What is 32 (base 5) in base 15?
12
What is -4 (base 5) in base 3?
-11
-1010100 (base 2) to base 12
-70
-1 (base 2) to base 8
-1
11 (base 13) to base 10
14
-20 (base 4) to base 6
-12
What is 13 (base 6) in base 12?
9
-45 (base 6) to base 15
-1e
Convert 110 (base 5) to base 11.
28
-1222 (base 3) to base 15
-38
What is -6 (base 13) in base 11?
-6
-100 (base 3) to base 11
-9
What is 14 (base 5) in base 15?
9
What is -21 (base 9) in base 3?
-201
Convert 10 (base 6) to base 4.
12
What is -5 (base 12) in base 13?
-5
Convert 24 (base 11) to base 15.
1b
161 (base 9) to base 11
114
5 (base 9) to base 5
10
What is -8 (base 14) in base 5?
-13
-1 (base 4) to base 6
-1
Convert -337 (base 9) to base 15.
-137
What is 3 (base 9) in base 10?
3
What is b7 (base 12) in base 3?
12011
5 (base 8) to base 14
5
What is -504 (base 6) in base 4?
-2320
0 (base 10) to base 13
0
10 (base 3) to base 5
3
What is 125 (base 6) in base 8?
65
What is -5 (base 8) in base 14?
-5
What is -1056 (base 7) in base 15?
-1a9
What is -2 (base 13) in base 10?
-2
-2 (base 6) to base 8
-2
What is 220 (base 4) in base 16?
28
What is 305 (base 8) in base 5?
1242
What is 113 (base 9) in base 14?
69
What is 2 (base 3) in base 16?
2
Convert -13 (base 10) to base 9.
-14
-47 (base 11) to base 15
-36
What is -2c (base 16) in base 4?
-230
What is 36 (base 12) in base 7?
60
-5 (base 6) to base 15
-5
Convert 40 (base 13) to base 2.
110100
354 (base 7) to base 10
186
What is -101111 (base 2) in base 13?
-38
10011 (base 2) to base 11
18
What is 2 (base 3) in base 13?
2
Convert -99 (base 10) to base 8.
-143
What is 11111110 (base 2) in base 7?
512
0 (base 14) to base 15
0
What is -5 (base 6) in base 3?
-12
b0 (base 16) to base 14
c8
1 (base 6) to base 12
1
113 (base 10) to base 5
423
7 (base 8) to base 15
7
-11010 (base 2) to base 4
-122
Convert 3 (base 11) to base 16.
3
Convert -10a (base 16) to base 12.
-1a2
31 (base 8) to base 16
19
What is -138 (base 9) in base 16?
-74
20 (base 4) to base 14
8
Convert 4 (base 15) to base 3.
11
What is 2 (base 6) in base 13?
2
Convert -1 (base 2) to base 14.
-1
Convert 27 (base 14) to base 2.
100011
Convert 4 (base 12) to base 11.
4
What is 1521 (base 6) in base 14?
213
What is -31 (base 12) in base 8?
-45
4 (base 12) to base 7
4
What is -3c (base 14) in base 7?
-105
Convert 10 (base 2) to base 11.
2
What is -101 (base 2) in base 11?
-5
Convert 103 (base 5) to base 2.
11100
Convert 1 (base 3) to base 11.
1
What is 1001 (base 2) in base 13?
9
9 (base 11) to base 12
9
2 (base 11) to base 6
2
What is 107 (base 13) in base 3?
20112
Convert 1134 (base 5) to base 16.
a9
Convert -11012 (base 3) to base 12.
-95
Convert -115 (base 12) to base 11.
-137
-34 (base 6) to base 13
-19
What is -155 (base 6) in base 12?
-5b
-13 (base 9) to base 13
-c
Convert 3 (base 8) to base 10.
3
What is 101 (base 4) in base 15?
12
What is 41 (base 5) in base 7?
30
-3 (base 9) to base 7
-3
Convert -12 (base 14) to base 11.
-15
What is -a (base 13) in base 6?
-14
6a (base 12) to base 4
1102
Convert 18 (base 14) to base 11.
20
Convert -26 (base 9) to base 3.
-220
What is -9 (base 14) in base 2?
-1001
What is -10 (base 6) in base 13?
-6
a (base 14) to base 12
a
What is 1001 (base 2) in base 10?
9
What is 1b (base 12) in base 3?
212
What is 11 (base 2) in base 15?
3
Convert -133 (base 10) to base 13.
-a3
What is 13 (base 15) in base 12?
16
Convert -30 (base 12) to base 5.
-121
What is 115 (base 6) in base 11?
43
What is -35 (base 10) in base 12?
-2b
Convert -6 (base 10) to base 6.
-10
What is -3 (base 7) in base 16?
-3
What is 3 (base 4) in base 15?
3
Convert -b9 (base 13) to base 6.
-412
What is 8 (base 16) in base 6?
12
Convert -8 (base 10) to base 13.
-8
4 (base 15) to base 10
4
Convert -2 (base 15) to base 10.
-2
What is 332 (base 5) in base 3?
10102
121 (base 5) to base 15
26
Convert -230 (base 7) to base 14.
-87
Convert 100 (base 4) to base 5.
31
What is 10 (base 2) in base 14?
2
What is 24 (base 12) in base 11?
26
What is 25 (base 12) in base 2?
11101
a0 (base 15) to base 10
150
13 (base 4) to base 13
7
Convert -10 (base 9) to base 12.
-9
-11 (base 9) to base 7
-13
Convert 28 (base 15) to base 2.
100110
-2 (base 15) to base 8
-2
2020 (base 3) to base 11
55
Convert -3 (base 11) to base 15.
-3
Convert -142 (base 5) to base 15.
-32
-5 (base 12) to base 16
-5
What is -26 (base 15) in base 6?
-100
2 (base 12) to base 13
2
Convert 5 (base 10) to base 8.
5
-3 (base 4) to base 5
-3
What is 1011 (base 2) in base 3?
102
1 (base 3) to base 13
1
56 (base 11) to base 6
141
What is -3 (base 12) in base 2?
-11
f4 (base 16) to base 6
1044
-198 (base 12) to base 2
-100000100
10 (base 2) to base 3
2
What is -1111 (base 3) in base 16?
-28
What is -2 (base 9) in base 3?
-2
What is 11100 (base 2) in base 8?
34
11110 (base 2) to base 12
26
What is -13 (base 15) in base 7?
-24
What is -11 (base 3) in base 13?
-4
-12 (base 10) to base 5
-22
Convert 1000 (base 2) to base 10.
8
Convert -11 (base 4) to base 14.
-5
-1 (base 16) to base 8
-1
What is -28 (base 15) in base 8?
-46
What is 110200 (base 3) in base 9?
420
What is -c8 (base 14) in base 7?
-341
Convert 15 (base 12) to base 11.
16
What is -240 (base 10) in base 9?
-286
0 (base 2) to base 14
0
10100 (base 3) to base 7
156
What is 61 (base 16) in base 4?
1201
What is -3 (base 7) in base 5?
-3
-38 (base 13) to base 16
-2f
46 (base 12) to base 13
42
Convert -b (base 16) to base 10.
-11
What is -4 (base 8) in base 7?
-4
0 (base 15) to base 9
0
Convert 23 (base 11) to base 9.
27
-5 (base 16) to base 6
-5
What is 10 (base 2) in base 6?
2
What is 202 (base 7) in base 12?
84
Convert 200 (base 5) to base 3.
1212
What is -72 (base 8) in base 6?
-134
4 (base 5) to base 14
4
-